.
8
Let l(i) be the first derivative of 7*i**2/2 - i + 5. Determine l(1).
6
Let l(d) be the first derivative of -2 - 1/12*d**4 - 1/360*d**6 - d**3 + 0*d**2 + 0*d + 1/24*d**5. Let j(y) be the third derivative of l(y). Determine j(2).
4
Let v(h) be the first derivative of -4*h**2 - h - 368. Suppose 0 = -g - 0*g - 3. Let m = 2 + g. Determine v(m).
7
Suppose -5*c - 2 = -22. Let q be (2/3)/(c/(-30)). Let g(p) = 5*p**2 - 5*p + 3. Let h(w) = w**2 + 1. Let v(s) = g(s) - 6*h(s). Calculate v(q).
-3
Let l be (4/(-6))/(12/(-54)). Suppose -5*o - 6 = -5*n - 1, o + 17 = -l*n. Let v be (n + 1)*(-1)/1. Let z(w) = -w - 1. What is z(v)?
-4
Let v be ((-22)/(-8))/(2/8). Let q(y) = v*y - 10*y + 2*y**2 - 10*y**2. Calculate q(1).
-7
Let c(q) be the second derivative of -q**5/20 - q**4/2 - 5*q**3/6 - 3*q**2 + 4*q. Determine c(-5).
-6
Let p(x) = x - 3. Let r(h) = 3*h - 3. Let o be r(1). What is p(o)?
-3
Suppose 2*r = 5*a + r - 12, -6 = 3*r. Let z(j) = 0*j**2 + 0 - j**a + 1 + 0. Determine z(-3).
-8
Let h be (-54)/(-15) + (-4)/(-10). Let a(o) = o - 3. Determine a(h).
1
Let k(p) be the first derivative of p**2/2 - 5*p - 34. Determine k(-5).
-10
Let w(s) = s**2 - 4*s - 1. Suppose 1 - 25 = -4*m. Determine w(m).
11
Let f(p) = 4*p - 10. Suppose 5*a - 4*z - 27 = 0, 2*a - z - 3 - 9 = 0. What is f(a)?
18
Let a(f) = 5*f - 4. Let m(z) = 7*z - 5. Let x(l) = 3*a(l) - 2*m(l). Calculate x(-2).
-4
Suppose 2*p = 10, -9*y + 5 = -6*y + 4*p. Let v(j) = j**2 + 3*j - 4. Calculate v(y).
6
Let o(q) = 2*q + 3 + 0*q - 2. Let k(r) = -1. Let a(t) = -t**2 + 8*t - 13. Let z be a(6). Let m(h) = z*o(h) + 2*k(h). What is m(-2)?
1
Let c(j) = -j - 5. Suppose -24 = 4*g - 0*g. Calculate c(g).
1
Let k(r) be the third derivative of r**4/12 + 7*r**3/6 - 8*r**2. Give k(-7).
-7
Let u(t) = t**3 - 2*t**3 - t - 5 + 6*t**2 + 8*t + 0*t**3. Calculate u(7).
-5
Let l(g) be the second derivative of g**3/6 + g**2/2 - g. Let d = -72 + 67. Determine l(d).
-4
Let m(p) be the third derivative of p**5/60 + p**4/24 - 5*p**3/6 - p**2. Suppose 4*l - 6 = 18. Suppose 2 = -2*q - l. Determine m(q).
7
Let u = -362 + 367. Let m(v) = 2*v**3 - 7*v**2 + 7*v + 4. Let a(w) = -w**3 + 3*w**2 - 3*w - 2. Let c(n) = 5*a(n) + 3*m(n). Calculate c(u).
7
Let b(y) = y**2 + 7*y + 1. Let k(s) = -s**3 - 6*s**2 - 5*s - 5. Let f be k(-5). Determine b(f).
-9
Let d be (-1)/(-2) - 27/6. Let c be 4/(-2 - d) - 0. Suppose x + c = 3*x. Let z(q) = -3*q**2. Give z(x).
-3
Let u = 17 - 14. Let z(t) = -t**2 - t**3 + 0*t**u + 3 + t**2 - 6*t**2. Suppose 3*p = -15 - 3. Determine z(p).
3
Suppose -2*n - 3*n + 90 = 0. Let g = n - 13. Let t(q) = q**2 - 4*q. Calculate t(g).
5
Suppose -8*t = -4*t. Let s(b) be the third derivative of -b**3 - 1/12*b**4 + 0 + t*b - 3*b**2. Determine s(-4).
2
Let h(p) = 3*p**2. Let t be 1*(0 + -1) - 0. Let g be h(t). Let f(m) = -4 + m - g + 3 + 6. Calculate f(3).
5
Let v be 114/21 + 6/(-14). Let l(a) = a**3 - 4*a**2 - 3*a - 3. Calculate l(v).
7
Suppose h = -0*h + 1. Let y = h + -1. Let v(j) = -j + j**2 - 2 + 0 + 2*j. Determine v(y).
-2
Let a(n) be the third derivative of n**5/60 - n**4/6 + n**3/2 + 2*n**2. Determine a(2).
-1
Let o = 1 + -2. Suppose 2 = 4*j + v, -2*j = -v - v + 4. Let p(g) = -1 - g + j*g + 0*g - 9*g. Calculate p(o).
9
Suppose 3*d - 3 = 12. Suppose -15 = -d*b + 10*b. Let w(u) = 2*u**2 + 3*u - 3. Determine w(b).
6
Suppose v = -3*v. Suppose v*f + 4*f - 12 = 0. Let y(l) = 0*l - 5*l**2 - 3*l + l**f + 0*l - 3*l + 4. Determine y(6).
4
Let c(p) be the third derivative of p**6/120 + p**5/10 - 7*p**4/24 - p**3/6 + 5*p**2. What is c(-7)?
-1
Let k(n) = n**2 + 6*n - 4. Suppose -3*i + 2*w + 3*w = 3, 5*i + 4*w = -42. Determine k(i).
-4
Let o(f) = -f**2 + 8*f - 1. Suppose 4*s - 43 + 23 = 0. Calculate o(s).
14
Suppose 0 = -3*k - 2*k + 20. Let m(n) be the second derivative of n**3/6 - 3*n**2/2 + 21*n. Determine m(k).
1
Let h be 4*(-4)/(-128) - (-46)/16. Let p(b) be the second derivative of -1/6*b**4 - 3/2*b**2 + 3*b + 2/3*b**h + 0. Give p(2).
-3
Let r(i) = i**3 - 3*i**2 - i + 4. Let y be r(3). Suppose 0 = s - y, -7 = -5*h + s - 23. Let j(a) = a**3 + 3*a**2 - 5*a - 4. What is j(h)?
11
Let w(f) be the third derivative of f**8/20160 + f**7/1260 + f**5/30 + 2*f**2. Let h(k) be the third derivative of w(k). Determine h(-5).
5
Let x(s) = -s**2 - 6*s + 7. Let k be x(-7). Suppose 2*c + k = 10. Let o = -6 + c. Let h(u) = -3*u + 1. What is h(o)?
4
Let j(r) = -r**2 + 8*r - 8. Let t = -51 + 57. Give j(t).
4
Let g(x) = -7*x**3 + 12*x**2 + 4. Let y(o) = 6*o**3 - 11*o**2 + o - 3. Let m(n) = 5*g(n) + 6*y(n). Determine m(5).
7
Let a(n) = -3*n**2 + 10*n - 3. Let d be ((-1)/3)/((-2)/12). Let m(y) = y**2 + y**2 + 0*y**2 + d - 5*y. Let k(v) = 3*a(v) + 5*m(v). What is k(-4)?
-3
Let f(q) be the first derivative of -q**2/2 + 3*q + 5. Let a = 10 - 6. Give f(a).
-1
Let d = 17 + -14. Let w(l) = -9*l + 7*l + 4*l - d. Determine w(4).
5
Suppose -2*l + 5*l - 18 = 0. Let v(j) = j**3 - 5*j**2 - 7*j + 7. Calculate v(l).
1
Let p be 9/(-5)*50/(-15). Let q(m) be the second derivative of -m**3/6 + 7*m**2/2 + 19*m. Calculate q(p).
1
Let o = -17 - -12. Let t(h) = h + 1. Let w(k) = 7*k + 29. Let y(v) = 18*v + 72. Let x(d) = -12*w(d) + 5*y(d). Let r(a) = o*t(a) + x(a). Determine r(0).
7
Let o(i) be the third derivative of -1/20*i**5 + 7*i**2 - 1/120*i**6 + 0 + 0*i + 1/2*i**3 - 1/24*i**4. Calculate o(-3).
6
Let h(t) = 7*t**2 - 11*t + 17. Let q(a) = -10*a**2 + 16*a - 25. Let n(v) = 7*h(v) + 5*q(v). Give n(4).
-10
Let p be (2 + -1)*(3 - 2). Suppose 0 = o + 2*o - 2*h - 19, -2*h + p = o. Let a(j) = -j**3 + 4*j**2 + 5*j - 3. Determine a(o).
-3
Let u be (1 - -2) + -2 - 5. Let c be (u/6)/(10/(-45)). Suppose -3*q + c*v + 3 = 0, 4*v + 0*v = 5*q - 6. Let l(f) = -f**3 + f. What is l(q)?
-6
Let u(r) = 2*r + 0*r - r - 3*r. Give u(3).
-6
Suppose 4*l = 3*l + 15. Suppose -3*a = -0*a + l. Let x(h) = -h**3 - 6*h**2 - 5*h + 4. Give x(a).
4
Let k(j) be the third derivative of 0*j**3 + 0*j**4 + 0 + 0*j + 1/30*j**5 + j**2. What is k(-2)?
8
Let s(z) = 2*z**2 - z + 1. Let u(b) = b - 2. Let l be u(4). Let x be l/6 + (-8)/(-12). Let y = x + 1. Calculate s(y).
7
Let r(s) = -s**2 + 6*s + 2. Suppose 0 = 3*c + 8 - 23. Calculate r(c).
7
Let s(l) = -l - 6. Let o = -11 - -20. Let c = o - 9. Determine s(c).
-6
Let w(m) = -2*m + 2*m + 1 - 3*m + 3*m**2 + m**3 + 4*m. Let x = 5 - 8. Give w(x).
-2
Suppose 4*t - 16 = -0*t. Suppose 2*d - t - 8 = 0. Suppose c + 5*m + d = 0, -2*m = -5*c + 21 + 3. Let g(q) = -q**2 + 4*q + 2. What is g(c)?
2
Let v be (-10)/(-8) - 1/4. Let j(w) be the third derivative of -5*w**4/24 - w**3/6 - 222*w**2. What is j(v)?
-6
Suppose 5*r - 25 = 4*m, -5*m + r + r = 10. Let n(g) be the third derivative of -g**2 + 0*g + m - 1/3*g**3 + 1/24*g**4. What is n(2)?
0
Suppose 3*s - 2*u = -6*u + 20, -2*u = -4*s + 12. Let x(r) = -3*r + 5. Determine x(s).
-7
Suppose 4*u = -0*u. Let y(q) = -3*q + 0*q + u*q. Give y(2).
-6
Let j(s) = s**2 - 2*s + 1. Suppose -2*h + 12 = 2*n - 5*n, -2*h = 6. Let y be 2/4 + (-3)/n. Calculate j(y).
0
Let g(w) = -w**3 - w + 2. Let s be g(0). Suppose 2*z + 6 = s, -14 = 2*b + 5*z. Let v(h) = -2*h + h**2 - 3*h**3 - 1 + 2*h**3 - 3*h**3 + 6*h**3. Determine v(b).
-9
Suppose 3*n + v - 6*v - 12 = 0, -9 = 3*v. Let k be n/(-3*3/(-9)). Let i(h) = -7*h**2 - 2*h - 1. Determine i(k).
-6
Let r(q) be the first derivative of -q**4/4 + q**3/3 + q**2/2 - 4*q - 1. Determine r(0).
-4
Suppose -6 = -3*x - 0. Let p(v) = -2*v**2 - 4*v + 3*v - x + 3*v. Let r be -2 - 12/(-9)*3. What is p(r)?
-6
Let o(a) = -4*a - 4. Suppose -4*s = s + 5. Let d(c) = -c. Let r(i) = s*o(i) + 5*d(i). Let p be r(9). Let v(l) = -l**3 - 5*l**2 - l + 4. Determine v(p).
9
Let m = 48 + -28. Suppose l - 2 - 2 = 4*v, 4*v = -2*l + m. Let x(k) = -6*k + 14. Let u(o) = -2*o + 5. Let r(s) = l*u(s) - 3*x(s). Calculate r(4).
6
Let w(h) = -3*h + 5. Let x(b) = -b + 1. Let f be x(-6). Let c(s) be the third derivative of s**4/24 - s**3/2 - s**2. Let a be c(f). Give w(a).
-7
Let a(j) = -3*j - 3. Let l(y) = -y + 1. Let f(p) = a(p) + 2*l(p). Let i(m) = 6*m + 1. Let v(u) = 4*f(u) + 3*i(u). Determine v(2).
-5
Let l(a) = -a**3 - a**2 + a. Let q be l(-2). Let o(f) be the third derivative of -f**5/60 + f**3/3 + 2*f**2. Calculate o(q).
-2
Let b(a) = -a**3 - 2*a**2 + 3*a + 3. Let y = -15 + 14. Let d be -4 - y - (-1 - 0). Give b(d).
-3
Let c(n) = -9*n + 1. Let i(u) = 